{"id":10,"date":"2021-09-26T17:05:38","date_gmt":"2021-09-26T17:05:38","guid":{"rendered":"https:\/\/heidehof-serwest.de\/?page_id=10"},"modified":"2021-09-27T19:08:18","modified_gmt":"2021-09-27T19:08:18","slug":"anfahrt","status":"publish","type":"page","link":"https:\/\/heidehof-serwest.de\/?page_id=10","title":{"rendered":"Anfahrt"},"content":{"rendered":"<div data-colibri-id=\"10-c1\" class=\"style-365 style-local-10-c1 position-relative\">\n  <!---->\n  <div data-colibri-component=\"section\" data-colibri-id=\"10-c2\" id=\"custom\" class=\"h-section h-section-global-spacing d-flex align-items-lg-center align-items-md-center align-items-center style-366 style-local-10-c2 position-relative\">\n    <!---->\n    <!---->\n    <div class=\"h-section-grid-container h-section-boxed-container\">\n      <!---->\n      <div data-colibri-id=\"10-c3\" class=\"h-row-container gutters-row-lg-2 gutters-row-md-2 gutters-row-0 gutters-row-v-lg-2 gutters-row-v-md-2 gutters-row-v-2 style-367 style-local-10-c3 position-relative\">\n        <!---->\n        <div class=\"h-row justify-content-lg-center justify-content-md-center justify-content-center align-items-lg-stretch align-items-md-stretch align-items-stretch gutters-col-lg-2 gutters-col-md-2 gutters-col-0 gutters-col-v-lg-2 gutters-col-v-md-2 gutters-col-v-2\">\n          <!---->\n          <div class=\"h-column h-column-container d-flex h-col-lg-auto h-col-md-auto h-col-auto style-368-outer style-local-10-c4-outer\">\n            <div data-colibri-id=\"10-c4\" class=\"d-flex h-flex-basis h-column__inner h-px-lg-2 h-px-md-2 h-px-2 v-inner-lg-2 v-inner-md-2 v-inner-2 style-368 style-local-10-c4 position-relative\">\n              <!---->\n              <!---->\n              <div class=\"w-100 h-y-container h-column__content h-column__v-align flex-basis-100 align-self-lg-start align-self-md-start align-self-start\">\n                <!---->\n                <div data-colibri-id=\"10-c7\" class=\"h-text h-text-component style-371 style-local-10-c7 position-relative h-element\">\n                  <!---->\n                  <!---->\n                  <div class=\"\">\n                    <p>F\u00fcr unsere G\u00e4ste empfiehlt sich die Anfahrt \u00fcber die A11\n                      <br>bis zur Anschlussstelle Joachimsthal. Von dort aus folgen Sie der B198 in Richtung Angerm\u00fcnde. Nach den Ortschaften Gro\u00df- und Klein Ziethen biegen Sie rechts auf die L200 in Richtung Eberswalde ab. Von hieraus sind &nbsp;es nur noch\n                      wenige Kilometer bis zur Ortschaft Serwest. Hier Achten Sie bitte auf die Beschilderung &#8222;Heidehof &#8211; Ferienwohnung&#8220;<\/p>\n                    <p>\n                      <br>\n                    <\/p>\n                    <p>F\u00fcr G\u00e4ste, die mit der Bahn anreisen m\u00f6chten, empfiehlt sich der Bahnhof Eberswalde oder Chorin. Von hieraus k\u00f6nnen Sie bequem mit dem Taxi zu uns gelangen.<\/p>\n                    <p>F\u00fcr Ihre individuelle Anreise k\u00f6nnen Sie uns auch gern telefonisch kontaktieren. &nbsp;\n                      <br>\n                    <\/p>\n                    <p>\n                      <br>\n                    <\/p>\n                  <\/div>\n                <\/div>\n              <\/div>\n            <\/div>\n          <\/div>\n          <div class=\"h-column h-column-container d-flex h-col-lg-auto h-col-md-auto h-col-auto style-369-outer style-local-10-c5-outer\">\n            <div data-colibri-id=\"10-c5\" class=\"d-flex h-flex-basis h-column__inner h-px-lg-2 h-px-md-2 h-px-2 v-inner-lg-2 v-inner-md-2 v-inner-2 style-369 style-local-10-c5 position-relative\">\n              <!---->\n              <!---->\n              <div class=\"w-100 h-y-container h-column__content h-column__v-align flex-basis-100 align-self-lg-start align-self-md-start align-self-start\">\n                <!---->\n                <div data-colibri-id=\"10-c6\" class=\"d-block style-370 style-local-10-c6 position-relative h-element\">\n                  <!---->\n                  <div class=\"h-image__frame-container-outer\">\n                    <div class=\"h-image__frame-container\">\n                      <!---->\n                      <!---->\n                      <img loading=\"lazy\" decoding=\"async\" width=\"1576\" height=\"1141\" src=\"https:\/\/heidehof-serwest.de\/wp-content\/uploads\/2021\/09\/Karte.jpg\" class=\"wp-image-262 style-370-image style-local-10-c6-image\" alt=\"\" srcset=\"https:\/\/heidehof-serwest.de\/wp-content\/uploads\/2021\/09\/Karte.jpg 1576w, https:\/\/heidehof-serwest.de\/wp-content\/uploads\/2021\/09\/Karte-300x217.jpg 300w, https:\/\/heidehof-serwest.de\/wp-content\/uploads\/2021\/09\/Karte-1024x741.jpg 1024w, https:\/\/heidehof-serwest.de\/wp-content\/uploads\/2021\/09\/Karte-768x556.jpg 768w, https:\/\/heidehof-serwest.de\/wp-content\/uploads\/2021\/09\/Karte-1536x1112.jpg 1536w\" sizes=\"auto, (max-width: 1576px) 100vw, 1576px\" \/>\n                      <div class=\"h-image__frame h-hide-lg h-hide-md h-hide-sm style-370-frameImage style-local-10-c6-frameImage\"><\/div>\n                    <\/div>\n                  <\/div>\n                <\/div>\n              <\/div>\n            <\/div>\n          <\/div>\n        <\/div>\n      <\/div>\n    <\/div>\n  <\/div>\n<\/div>","protected":false},"excerpt":{"rendered":"<p>F\u00fcr unsere G\u00e4ste empfiehlt sich die Anfahrt \u00fcber die A11 bis zur Anschlussstelle Joachimsthal. Von dort aus folgen Sie der B198 in Richtung Angerm\u00fcnde. Nach den Ortschaften Gro\u00df- und Klein [&hellip;]<\/p>\n","protected":false},"author":1,"featured_media":0,"parent":0,"menu_order":0,"comment_status":"closed","ping_status":"closed","template":"page-templates\/full-width-page.php","meta":{"footnotes":""},"class_list":["post-10","page","type-page","status-publish","hentry"],"_links":{"self":[{"href":"https:\/\/heidehof-serwest.de\/index.php?rest_route=\/wp\/v2\/pages\/10","targetHints":{"allow":["GET"]}}],"collection":[{"href":"https:\/\/heidehof-serwest.de\/index.php?rest_route=\/wp\/v2\/pages"}],"about":[{"href":"https:\/\/heidehof-serwest.de\/index.php?rest_route=\/wp\/v2\/types\/page"}],"author":[{"embeddable":true,"href":"https:\/\/heidehof-serwest.de\/index.php?rest_route=\/wp\/v2\/users\/1"}],"replies":[{"embeddable":true,"href":"https:\/\/heidehof-serwest.de\/index.php?rest_route=%2Fwp%2Fv2%2Fcomments&post=10"}],"version-history":[{"count":2,"href":"https:\/\/heidehof-serwest.de\/index.php?rest_route=\/wp\/v2\/pages\/10\/revisions"}],"predecessor-version":[{"id":264,"href":"https:\/\/heidehof-serwest.de\/index.php?rest_route=\/wp\/v2\/pages\/10\/revisions\/264"}],"wp:attachment":[{"href":"https:\/\/heidehof-serwest.de\/index.php?rest_route=%2Fwp%2Fv2%2Fmedia&parent=10"}],"curies":[{"name":"wp","href":"https:\/\/api.w.org\/{rel}","templated":true}]}}