{"id":12,"date":"2021-09-26T17:05:38","date_gmt":"2021-09-26T17:05:38","guid":{"rendered":"https:\/\/heidehof-serwest.de\/?page_id=12"},"modified":"2021-09-27T18:08:43","modified_gmt":"2021-09-27T18:08:43","slug":"impressum","status":"publish","type":"page","link":"https:\/\/heidehof-serwest.de\/?page_id=12","title":{"rendered":"Impressum"},"content":{"rendered":"<div data-colibri-id=\"12-c1\" class=\"style-269 style-local-12-c1 position-relative\">\n  <!---->\n  <div data-colibri-component=\"section\" data-colibri-id=\"12-c2\" id=\"custom\" class=\"h-section h-section-global-spacing d-flex align-items-lg-center align-items-md-center align-items-center style-270 style-local-12-c2 position-relative\">\n    <!---->\n    <!---->\n    <div class=\"h-section-grid-container h-section-boxed-container\">\n      <!---->\n      <div data-colibri-id=\"12-c3\" class=\"h-row-container gutters-row-lg-2 gutters-row-md-2 gutters-row-0 gutters-row-v-lg-2 gutters-row-v-md-2 gutters-row-v-2 style-271 style-local-12-c3 position-relative\">\n        <!---->\n        <div class=\"h-row justify-content-lg-center justify-content-md-center justify-content-center align-items-lg-stretch align-items-md-stretch align-items-stretch gutters-col-lg-2 gutters-col-md-2 gutters-col-0 gutters-col-v-lg-2 gutters-col-v-md-2 gutters-col-v-2\">\n          <!---->\n          <div class=\"h-column h-column-container d-flex h-col-lg-auto h-col-md-auto h-col-auto style-272-outer style-local-12-c4-outer\">\n            <div data-colibri-id=\"12-c4\" class=\"d-flex h-flex-basis h-column__inner h-px-lg-2 h-px-md-2 h-px-2 v-inner-lg-2 v-inner-md-2 v-inner-2 style-272 style-local-12-c4 position-relative\">\n              <!---->\n              <!---->\n              <div class=\"w-100 h-y-container h-column__content h-column__v-align flex-basis-100 align-self-lg-start align-self-md-start align-self-start\">\n                <!---->\n                <div data-colibri-id=\"12-c5\" class=\"h-text h-text-component style-273 style-local-12-c5 position-relative h-element\">\n                  <!---->\n                  <!---->\n                  <div class=\"\">\n                    <p><strong style=\"font-family: inherit; font-size: 12px; font-weight: 700;\">1. Angaben gem\u00e4\u00df \u00a7 5 TMG<\/strong><\/p>\n                    <p>Heidehof Serwest, Inhaber: B\u00e4rbel Kohn<\/p>\n                    <p><strong style=\"font-family: inherit; font-size: 12px; font-weight: 700;\">Kontakt<\/strong><\/p>\n                    <p>B\u00e4rbel Kohn\n                      <br>Ausbau 6\n                      <br>16230 Chorin OT Serwest\n                      <br>Telefon: +49 (0) 33364 70176\n                      <br>Telefax: +49 (0) 33364 70176\n                      <br>E-Mail: mail@heidehof-serwest.de<\/p>\n                    <p><strong style=\"font-family: inherit; font-size: 12px; font-weight: 700;\">Umsatzsteuer<\/strong>\n                      <br>Umsatzsteuerbefreit gem\u00e4\u00df \u00a719 Umsatzsteuergesetz<\/p>\n                    <p><strong style=\"font-family: inherit; font-size: 12px; font-weight: 700;\">Berufsbezeichnung und berufsrechtliche Regelungen<\/strong>\n                      <br>Privatperson \/ Kleinunternehmer<\/p>\n                    <p><strong style=\"font-family: inherit; font-size: 12px; font-weight: 700;\">2. Haftung f\u00fcr Inhalte<\/strong>\n                      <br>Als Diensteanbieter sind wir gem\u00e4\u00df \u00a7 7 Abs.1 TMG f\u00fcr eigene Inhalte auf diesen Seiten nach denallgemeinen Gesetzen verantwortlich. Nach \u00a7\u00a7 8 bis 10 TMG sind wir als Diensteanbieter jedoch nichtverpflichtet, \u00fcbermittelte oder gespeicherte\n                      fremde Informationen zu \u00fcberwachen oder nach Umst\u00e4nden zuforschen, die auf eine rechtswidrige T\u00e4tigkeit hinweisen.Verpflichtungen zur Entfernung oder Sperrung der Nutzung von Informationen nach den allgemeinenGesetzen bleiben hiervon\n                      unber\u00fchrt. Eine diesbez\u00fcgliche Haftung ist jedoch erst ab dem Zeitpunkt derKenntnis einer konkreten Rechtsverletzung m\u00f6glich. Bei Bekanntwerden von entsprechendenRechtsverletzungen werden wir diese Inhalte umgehend entfernen.\n                      <strong\n                        style=\"font-family: inherit; font-size: 12px; font-weight: 700;\">3. Haftung f\u00fcr Links<\/strong>Unser Angebot enth\u00e4lt Links zu externen Websites Dritter, auf deren Inhalte wir keinen Einfluss haben.Deshalb k\u00f6nnen wir f\u00fcr diese fremden Inhalte auch keine Gew\u00e4hr \u00fcbernehmen. F\u00fcr die Inhalte derverlinkten\n                        Seiten ist stets der jeweilige Anbieter oder Betreiber der Seiten verantwortlich. Die verlinktenSeiten wurden zum Zeitpunkt der Verlinkung auf m\u00f6gliche Rechtsverst\u00f6\u00dfe \u00fcberpr\u00fcft. Rechtswidrige Inhaltewaren zum Zeitpunkt der Verlinkung\n                        nicht erkennbar.Eine permanente inhaltliche Kontrolle der verlinkten Seiten ist jedoch ohne konkrete Anhaltspunkte einerRechtsverletzung nicht zumutbar. Bei Bekanntwerden von Rechtsverletzungen werden wir derartige Linksumgehend\n                        entfernen.<\/p>\n                    <p><strong style=\"font-family: inherit; font-size: 12px; font-weight: 700;\">4. Urheberrecht<\/strong>\n                      <br>Die durch die Seitenbetreiber erstellten Inhalte und Werke auf diesen Seiten unterliegen dem deutschenUrheberrecht. Die Vervielf\u00e4ltigung, Bearbeitung, Verbreitung und jede Art der Verwertung au\u00dferhalb derGrenzen des Urheberrechtes\n                      bed\u00fcrfen der schriftlichen Zustimmung des jeweiligen Autors bzw. Erstellers.Downloads und Kopien dieser Seite sind nur f\u00fcr den privaten, nicht kommerziellen Gebrauch gestattet.Soweit die Inhalte auf dieser Seite nicht vom Betreiber\n                      erstellt wurden, werden die Urheberrechte Dritterbeachtet. Insbesondere werden Inhalte Dritter als solche gekennzeichnet. Sollten Sie trotzdem auf eineUrheberrechtsverletzung aufmerksam werden, bitten wir um einen entsprechenden\n                      Hinweis. BeiBekanntwerden von Rechtsverletzungen werden wir derartige Inhalte umgehend entfernen.<\/p>\n                    <p><strong>5. Datenschutzerkl\u00e4rung<\/strong><\/p>\n                    <p><strong style=\"font-family: inherit; font-size: 12px; font-weight: 700;\">Datenschutz<\/strong>\n                      <br>Die Betreiber dieser Seiten nehmen den Schutz Ihrer pers\u00f6nlichen Daten sehr ernst. Wir behandeln Ihre&nbsp;personenbezogenen Daten vertraulich und entsprechend der gesetzlichen Datenschutzvorschriften sowie dieser&nbsp;Datenschutzerkl\u00e4rung.Die\n                      Nutzung unserer Webseite ist in der Regel ohne Angabe personenbezogener Daten m\u00f6glich. Soweit auf&nbsp;unseren Seiten personenbezogene Daten (beispielsweise Name, Anschrift oder E-Mail-Adressen) erhoben&nbsp;werden, erfolgt dies,\n                      soweit m\u00f6glich, stets auf freiwilliger Basis. Diese Daten werden ohne Ihre ausdr\u00fcckliche&nbsp;Zustimmung nicht an Dritte weitergegeben.&nbsp;Wir weisen darauf hin, dass die Daten\u00fcbertragung im Internet (z.B. bei der Kommunikation\n                      per E-Mail)&nbsp;Sicherheitsl\u00fccken aufweisen kann. Ein l\u00fcckenloser Schutz der Daten vor dem Zugriff durch Dritte ist nicht&nbsp;m\u00f6glich.<strong style=\"font-family: inherit; font-size: 12px; font-weight: 700;\">Cookies<\/strong>Die\n                      Internetseiten verwenden teilweise so genannte Cookies. Cookies richten auf Ihrem Rechner keinen&nbsp;Schaden an und enthalten keine Viren. Cookies dienen dazu, unser Angebot nutzerfreundlicher, effektiver und&nbsp;sicherer zu machen.\n                      Cookies sind kleine Textdateien, die auf Ihrem Rechner abgelegt werden und die Ihr&nbsp;Browser speichert.<\/p>\n                    <p>Die meisten der von uns verwendeten Cookies sind so genannte \u201eSession-Cookies\u201c. Sie werden nach Ende&nbsp;Ihres Besuchs automatisch gel\u00f6scht. Andere Cookies bleiben auf Ihrem Endger\u00e4t gespeichert, bis Sie diese&nbsp;l\u00f6schen. Diese\n                      Cookies erm\u00f6glichen es uns, Ihren Browser beim n\u00e4chsten Besuch wiederzuerkennen.<\/p>\n                    <p>Sie k\u00f6nnen Ihren Browser so einstellen, dass Sie \u00fcber das Setzen von Cookies informiert werden und Cookies&nbsp;nur im Einzelfall erlauben, die Annahme von Cookies f\u00fcr bestimmte F\u00e4lle oder generell ausschlie\u00dfen sowie das&nbsp;automatische\n                      L\u00f6schen der Cookies beim Schlie\u00dfen des Browser aktivieren. Bei der Deaktivierung von Cookies&nbsp;kann die Funktionalit\u00e4t dieser Website eingeschr\u00e4nkt sein.<\/p>\n                    <p><strong style=\"font-family: inherit; font-size: 12px; font-weight: 700;\">Kontaktformular<\/strong>\n                      <br>Wenn Sie uns per Kontaktformular Anfragen zukommen lassen, werden Ihre Angaben aus dem Anfrageformular&nbsp;inklusive der von Ihnen dort angegebenen Kontaktdaten zwecks Bearbeitung der Anfrage und f\u00fcr den Fall von&nbsp;Anschlussfragen\n                      bei uns gespeichert. Diese Daten geben wir nicht ohne Ihre Einwilligung weiter.<\/p>\n                    <p><strong style=\"font-family: inherit; font-size: 12px; font-weight: 700;\">Newsletterdaten<\/strong>\n                      <br>Wenn Sie den auf der Webseite angebotenen Newsletter beziehen m\u00f6chten, ben\u00f6tigen wir von Ihnen eine E-Mail-Adresse sowie Informationen, welche uns die .berpr\u00fcfung gestatten, dass Sie der Inhaber der&nbsp;angegebenen E-Mail-Adresse\n                      sind und mit dem Empfang des Newsletters einverstanden sind. Weitere Daten&nbsp;werden nicht erhoben. Diese Daten verwenden wir ausschlie\u00dflich f\u00fcr den Versand der angeforderten&nbsp;Informationen und geben sie nicht an Dritte weiter.<\/p>\n                    <p>Die erteilte Einwilligung zur Speicherung der Daten, der E-Mail-Adresse sowie deren Nutzung zum Versand des&nbsp;Newsletters k\u00f6nnen Sie jederzeit widerrufen, etwa \u00fcber den \u201cAustragen\u201d-Link im Newsletter.<\/p>\n                    <p><strong style=\"font-family: inherit; font-size: 12px; font-weight: 700;\">Auskunft, L\u00f6schung, Sperrung<\/strong>\n                      <br>Sie haben jederzeit das Recht auf unentgeltliche Auskunft \u00fcber Ihre gespeicherten personenbezogenen Daten,&nbsp;deren Herkunft und Empf\u00e4nger und den Zweck der Datenverarbeitung sowie ein Recht auf Berichtigung,&nbsp;Sperrung oder\n                      L\u00f6schung dieser Daten. Hierzu sowie zu weiteren Fragen zum Thema personenbezogene Daten&nbsp;k\u00f6nnen Sie sich jederzeit unter der im Impressum angegebenen Adresse an uns wenden.<\/p>\n                    <p>Quelle:&nbsp;\n                      <a href=\"https:\/\/www.e-recht24.de\" style=\"font-family: inherit; font-size: 12px; color: rgb(74, 184, 229);\" class=\"customize-unpreviewable\">eRecht24<\/a>\n                    <\/p>\n                    <p>\n                      <br>\n                    <\/p>\n                  <\/div>\n                <\/div>\n              <\/div>\n            <\/div>\n          <\/div>\n        <\/div>\n      <\/div>\n    <\/div>\n  <\/div>\n<\/div>","protected":false},"excerpt":{"rendered":"<p>1. Angaben gem\u00e4\u00df \u00a7 5 TMG Heidehof Serwest, Inhaber: B\u00e4rbel Kohn Kontakt B\u00e4rbel Kohn Ausbau 6 16230 Chorin OT Serwest Telefon: +49 (0) 33364 70176 Telefax: +49 (0) 33364 70176 [&hellip;]<\/p>\n","protected":false},"author":1,"featured_media":0,"parent":0,"menu_order":0,"comment_status":"closed","ping_status":"closed","template":"page-templates\/full-width-page.php","meta":{"footnotes":""},"class_list":["post-12","page","type-page","status-publish","hentry"],"_links":{"self":[{"href":"https:\/\/heidehof-serwest.de\/index.php?rest_route=\/wp\/v2\/pages\/12","targetHints":{"allow":["GET"]}}],"collection":[{"href":"https:\/\/heidehof-serwest.de\/index.php?rest_route=\/wp\/v2\/pages"}],"about":[{"href":"https:\/\/heidehof-serwest.de\/index.php?rest_route=\/wp\/v2\/types\/page"}],"author":[{"embeddable":true,"href":"https:\/\/heidehof-serwest.de\/index.php?rest_route=\/wp\/v2\/users\/1"}],"replies":[{"embeddable":true,"href":"https:\/\/heidehof-serwest.de\/index.php?rest_route=%2Fwp%2Fv2%2Fcomments&post=12"}],"version-history":[{"count":6,"href":"https:\/\/heidehof-serwest.de\/index.php?rest_route=\/wp\/v2\/pages\/12\/revisions"}],"predecessor-version":[{"id":214,"href":"https:\/\/heidehof-serwest.de\/index.php?rest_route=\/wp\/v2\/pages\/12\/revisions\/214"}],"wp:attachment":[{"href":"https:\/\/heidehof-serwest.de\/index.php?rest_route=%2Fwp%2Fv2%2Fmedia&parent=12"}],"curies":[{"name":"wp","href":"https:\/\/api.w.org\/{rel}","templated":true}]}}